- -47 - -30) + (5 + 0 - -1)?
28
Evaluate (-9 - (-4 - -5 - 7)) + -14.
-17
What is the value of -2 - (4 + -2 + -15) - (246 - 219)?
-16
Evaluate (-41 - -29) + 15 - (-7 + 0).
10
Calculate 21 - 16 - (-12 - (-16 - -13)).
14
What is 8 + 27 + -41 + -2?
-8
8 - (24 + -14 - 24)
22
(-1 + -2 + -8 - -5) + 5
-1
What is the value of -30 + (49 + -40 - (4 + -5))?
-20
What is -15 - (-16 + 7) - (-2 + 20)?
-24
-21 - (15 + -11 + 19 + -10)
-34
What is the value of -23 + 13 + -1 + 6 - (-18 + -4)?
17
Evaluate (-6 - 10 - -50) + -25.
9
Calculate -18 + 16 + (1 + 0 - 9).
-10
Evaluate 16 + (-6 - 12 - -42).
40
What is the value of -10 - ((10 - -2) + -1 + -3)?
-18
What is -1 + -20 + (53 - 53) + -7 + 3?
-25
29 + 6 + -11 + 12
36
What is the value of (-2 - 2 - (27 + -24)) + -4 - 0?
-11
Evaluate 1 + -9 + -1 + 5 + -11.
-15
-40 + 14 + -13 + 22
-17
Calculate (-5 - -5) + (24 - 39).
-15
What is the value of (10 - 1) + 23 + (-1 - 7) + -35?
-11
Calculate -16 - (-7 + -3) - 9.
-15
Calculate 4 + -20 - ((31 - 50) + -25).
28
Evaluate (-4 - -39) + 15 + (-40 - -9).
19
What is -1 + 2 + (2 + 2 - 12)?
-7
What is the value of (8 - (-1 - -5)) + (3 - -6)?
13
-2 - (1 + -9 - (3 + -6 - -26))
29
What is 15 + -32 + 7 - ((6 - 2) + 4)?
-18
Calculate -2 + 13 + (11 + -25 - -2).
-1
Evaluate -21 - ((-3 + -6 - -6) + -4).
-14
Calculate 1 + -4 + 9 - (-83 + 73).
16
(-6 - -3) + 15 + 18 + -25 - 38
-33
Evaluate 9 + (-10 - (13 + 7)) + 10.
-11
Evaluate -1 + 18 + (43 - 41).
19
9 + 3 + 24 - (7 - 0 - -2)
27
Evaluate -42 - (6 + -29 + -1).
-18
Calculate 5 + (-20 - (-24 - -11)) - (11 + -1).
-12
Evaluate -1 + -7 + 12 - (-30 - -25).
9
Calculate -11 + 8 + (-6 - -13).
4
What is 22 + (-8 - -8 - -9 - (-2 - -1))?
32
What is -28 + 9 + (61 - 22)?
20
(-901 - -916) + (-30 - 0)
-15
Calculate 3 + (2 - (-5 + -5 - -20)).
-5
Calculate (4 - 4 - (11 - 12) - 4) + 22.
19
Evaluate (3 - -3) + 3 - (-3 + 0 + -4).
16
Calculate 4 - (-9 + 18 + -3).
-2
Calculate 1 + -19 - (91 - 108) - 36.
-37
What is -6 - (-1 + 2 - (15 + -2))?
6
What is 13 + 11 + -9 + -5 + 12?
22
Evaluate (-7 - 0) + 1 + -13 + 24 + 5.
10
Evaluate (1 - 9) + -243 + 251.
0
What is the value of 2 - -15 - (-474 - -504)?
-13
Calculate 2 + -3 + -1 - (43 + (28 - 52)).
-21
-28 + -1 + -5 + 19 - -12
-3
Calculate 3 + (-3 - 16) + 8 - -14.
6
Evaluate (12 - 14) + 14 + -12.
0
Evaluate -10 + (0 - (3 + -17)).
4
What is the value of 1 - 4 - 7 - -4 - (-1 - 6)?
1
Calculate (42 - 38 - (-10 + 1)) + -7 + 3.
9
Calculate 7 + 8 + (-12 - -8 - 17).
-6
Calculate 0 + -11 - (62 - 55).
-18
What is the value of -17 + -4 - (-1 - (14 - 2))?
-8
Evaluate (0 - 1) + (-2 - 2) + -824 + 855.
26
-4 + (-1 - 0) + 5 + (-110 - -109)
-1
Calculate -1 + 3 - ((13 - 16) + -7).
12
What is 10 + (-3 - (-24 - -11) - 4 - 13)?
3
Evaluate 18 + (-15 - (2 + -2)).
3
Evaluate 7 - 2 - (8 + -7 + -3 - 1).
8
Calculate 14 - (-3 - 1 - 1 - (169 + -172)).
16
What is -2 - (5 + -1 - (4 + -5)) - 9?
-16
What is 1 + -4 + (92 - 59)?
30
Evaluate (0 - (3 + -1)) + (-8 - -5).
-5
Calculate 6 - (-10 + -1 + 2).
15
What is (203 - 218) + (0 - -24)?
9
What is the value of -22 - -3 - (-28 - 4 - 12)?
25
Calculate -11 + (6 - 20 - -26).
1
What is the value of (11 - 19) + 0 - 0?
-8
What is the value of 78 - 79 - (-20 - 0)?
19
Evaluate 7 + 2 - (-26 - -15 - -6).
14
What is (7 - -1) + 4 + -11 + -4 - 0?
-3
Calculate 71 + -64 - (-2 - 2).
11
What is (0 - (1 + 3)) + -1 + -61 + 62?
-4
(-2 - -27) + 2 + (39 - (87 + -43))
22
Calculate 250 - 242 - (-1 + 4).
5
10 + 9 + -17 - -5 - 26
-19
Evaluate 44 + -50 + (-3 - -17) - (-1 + -3).
12
Calculate -4 + -1 - (69 + -77) - -2 - 8.
-3
-10 - (3 - (-2 + 2 + 8))
-5
What is the value of -19 - (-8 - 10 - -39) - (0 + -3)?
-37
Calculate 5 + 2 + -4 + (-17 - -5 - -1).
-8
Evaluate -2 + ((0 - -2) + -1 - -2).
1
What is the value of (-41 - -27) + -16 + (1 - (1 - 8))?
-22
Evaluate -21 + 6 + -14 + 45.
16
(20 - -1) + 2 + 1 + -21 + 13
16
What is 1 + 20 + (-23 - -7) + -25 + 0?
-20
Calculate 1 - (8 + 3 + 2 + (-13 - -7)).
-6
Calculate 16 + -5 + (-2 - 16) + 1.
-6
What is -23 + 25 - (7 + -1 + -7)?
3
What is the value of 104 + -106 + (0 - -1 - -2)?
1
49 - 41 - (13 - (0 + 5 - 7))
-7
What is the value of 35 + 0 - (-203 + 226)?
12
Evaluate (-25 - (-1 - 13) - -22) + -7 + -2.
2
What is -22 + (8 - (-5 + -17))?
8
Evaluate (1 - 0 - 5) + -3477 + 3483.
2
Evaluate (-5 - (2 + -1 + 1)) + -7 - 6.
-20
What is the value of -7 - (23 - 8 - 16)?
-6
What is (11 - -1) + (47 + (-49 - -25) - 7)?
28
(13 - 32) + 65 - 31
15
Evaluate -31 - (39 - (-20 - -101)).
11
What is the value of 33 - (-15 - (-5 - 28))?
15
Calculate -6 + -12 + 24 + (-2 - -10).
14
What is the value of (11 - 12) + 12 - 5?
6
Calculate 8 - (4 - 1 - (13 - 18)) - -9.
9
Evaluate -2 + (0 - 0) + (-4 - -16) + -17.
-7
Evaluate (2 - 1) + -6 - (-311 + 300).
6
Evaluate 8 + (5 - -1) - 35 - (2 + -1).
-22
-1 + (5 + -3 - 2)
-1
23 + (8 + 10 - 16)
25
Evaluate (12 + -1 - (97 + -84)) + 1 + -9.
-10
Evaluate (123 - 130) + (-7 - 0) + -4.
-18
Evaluate 16 + (-6 - 0 - -3).
13
Calculate 11 - (10 - -15) - (4 + (-2 - -1)).
-17
What is the value of -32 + 17 - (-23 - (3 + -5))?
6
What is the value of 14 - (3 + -5) - -10?
26
Evaluate (-37 - -13) + 12 - 3.
-15
-6 + (4 - (-3 + 5) - -3)
-1
Calculate 147 + -146 + (1 + 1 - (4 + -7)).
6
71 + -67 + (2 - 10) + 1
-3
1 + 5 + 6 - 32 - -10
-10
Evaluate (-6 - (10 - 13)) + (-2 - 7).
-12
What is the value of 16 + (15 - 25) + (-1 - 10)?
-5
-1 + 4 + -15 + (-1 - 18)
-31
What is -2 + 11 + (12 + 1 - 14)?
8
10 + (30 - (-14 - -16)) + -10
28
(8 - (-2 + -4)) + -18
-4
What is (39 - 23) + (-5 + 2 - -6)?
19
Evaluate -2 - (-2 - 36) - (1411 - 1400).
25
What is the value of -21 + 20 + -26 + (1 + 2 - -3)?
-21
Evaluate -12 - (4 - (-7 - (-8 + -10))).
-5
Evaluate 271 + -282 + 0 + 0 + (-1 - 6).
-18
Calculate -9 - -16 - (14 - -2) - 3.
-12
Calculate (0 - -10) + 0 + (-22 - -18).
6
What is (-9 - -3) + 39 + -33 + 19?
19
Calculate 3 - ((-2 - -1) + 4) - (-23 - -19).
4
Evaluate 141 - 101 - (19 - -2).
19
2 + (0 - -1 - 3 - (170 + -141))
-29
What is -22 + (44 - 13 - 12)?
-3
What is -18 + 1 + (18 - 5)?
-4
Evaluate 1083 - 1101 - (-2 + -21).
5
46 + -23 + (-53 - -13)
-17
Evaluate 97 + -91 + 3 + -1 + 4.
12
-10 - (1 - (31 + -9 - 2))
9
What is the value of 20 - (-25 - (34 - 47))?
32
Evaluate 2 + 13 - 5 - (-32 + 36).
6
Calculate -30 - (-22 + 14) - -14.
-8
What is the value of (-19 - -31) + 2 + -14?
0
Evaluate -4 + 1 + -11 + 22 + 9.
17
-313 - -281 - (0 - 16)
-16
Calculate 35 - 0 - (777 + -770).
28
(-74 - -31 - -24) + -2
-21
What is the value of -33 - -14 - -26 - ((-3 - -1) + -4)?
13
What is (401 + -393 - (12 + 2 + 0)) + -2?
-8
Evaluate 1 + 7 + (-9 + 13 - 3).
9
What is 23 - ((2 - (0 - (13 + -5))) + -2)?
15
Evaluate -13 + (29 - (1 + (23 - 10))).
2
(-18 - (-37 - (8 + -15))) + 1 + 15
28
What is the value of (-19 - -23) + -2 + -3?
-1
What is -24 + 27 - (-10 - (-13 + -9))?
-9
Calculate (2 + 0 - 3) + -156 + 144.
-13
Evaluate -15 + (-9 - -18 - -9).
3
-1 + 8 - (20 - -10) - -8
-15
(-439 - -445) + (-8 - 0) + -1
-3
Calculate (0 - 1) + -1 - (33 + -30 - 16).
11
Evaluate (-1 - -2 - -4) + (-6 - (3 + 14)).
-18
Calculate 4 - (14 - 4 - 1) - (-1 - 13).
9
42 + (-9 - 26) + (0 - 22)
-15
What is the value of -1 - -29 - (-29 + 41)?
16
Calculate 18 + (20 - 50) - -27.
15
Calculate -12 + 11 + 15 - 10.
4
What is the value of (17 - (39 - 17)) + (4 - (-1 - -1))?
-1
Calculate -3 + -1 + 2 + 3 - 9.
-8
Evaluate (-8 - (10 - 14)) + (-3 - 0 - -1).
-6
What is the value of (2 - 34) + (49 - 25 - (6 - -7))?
-21
(37 - -6 - 30 - (0 + 8)) + -43
-38
What is 11 - (-19 - (-13 + (-4 - -1)))?
14
25 - (-10 + 43) - (-2 - 0)
-6
Evaluate 5 - (11 - 3 - 7).
4
Calculate 9 + -2 + -7 - -19 - 9.
10
Evaluate 8 - (-11 + 3 + -7).
23
What is the value of -16 + 21 + (8 - 12) - 2?
-1
Evaluate -3 + (-5 + 3 - -3) + -2.
-4
Calculate (12 + -5 - 5) + 9 - 9.
2
Calculate (10 - (-14 - -34)) + (0 - -8).
-2
Calculate -16 - (-14 + (-13 - -25) - (-1 + 7)).
-8
Calculate 0 - 11 - (631 + -651).
9
Calculate (-2 - -6) + (-7 + 5 - (-9 - -19)).
-8
Calculate -645 - -659 - (0 - 0).
14
Calculate (3 - 11) + (6 - -1 - 6) + 8.
1
Evaluate -33 + 12 - (-1 - 2 - (-3 - 0)).
-21
Evaluate (2 - 1) + (-5 - 0) + -27 + 25.
-6
-12 - (-5 + 8) - (-17 - -10)
-8
Evaluate (-5 - (-9 - -4)) + 19.
19
Evaluate (-5 - (-26 + 0)) + -31.
-10
Evaluate -6 + 7 + (14 - (16 - 9)).
8
What is 5 - (-5 + 1 - (-43 + 41))?
7
Evaluate 8 - -21 - (35 - 43).
37
Evaluate -8 - (-27 + 34 + 